. Give q(8).
-26
Let a(b) = 2*b**3 + 22*b**2 + 44*b + 31. Give a(-8).
63
Let y(m) = 4*m**3 + 19*m**2 - 14*m - 37. What is y(-5)?
8
Let v(c) = 449*c**3 - 4*c - 4. Give v(-1).
-449
Let d(z) = -z**3 + 361*z + 33. Give d(19).
33
Let w(j) = 4869*j - 48691. Calculate w(10).
-1
Let h(y) = -y**3 + 8*y**2 - 24*y - 2. Give h(3).
-29
Let r(m) = 82*m + 6. What is r(-1)?
-76
Let v(k) = 28*k - 53. Calculate v(-3).
-137
Let g(l) = -2*l**2 - 412*l + 11028. Give g(24).
-12
Let y(j) = j**2 - 66*j + 725. Give y(13).
36
Let w(z) = -z**2 - 27*z - 94. Give w(-10).
76
Let c(t) = -1296*t + 14257. What is c(11)?
1
Let s(a) = a**3 + 35*a**2 - 628*a + 56. Determine s(13).
4
Let u(k) = 2*k**3 - 26*k**2 + k + 12. Calculate u(12).
-264
Let m(p) = 329*p + 23. Calculate m(0).
23
Let n(h) = 2*h**3 - 15*h**2 + 22*h + 107. Determine n(6).
131
Let r(b) = 4*b**2 + 79*b + 327. What is r(-6)?
-3
Let i(s) = 7*s**3 + 890*s**2 + 124*s - 404. Give i(-127).
-23
Let m(y) = -y**3 - y**2 + 10*y - 23. What is m(4)?
-63
Let p(r) = -r**2 + 47*r - 435. Give p(13).
7
Let m(w) = -11*w + 18. Determine m(-15).
183
Let m(t) = -t**3 - 42*t**2 - 45*t + 1399. Determine m(-40).
-1
Let d(l) = -3*l**2 - 137*l - 1057. Calculate d(-36).
-13
Let c(k) = -2*k**2 + 432*k + 3128. Give c(223).
6
Let t(d) = -27*d**2 - 16*d + 86. Determine t(3).
-205
Let r(m) = -3*m**2 + 134*m - 949. Give r(36).
-13
Let b(k) = -4*k**2 - 352*k + 267. What is b(-89)?
-89
Let x(i) = -i**2 - 33*i - 45. What is x(11)?
-529
Let n(z) = -101*z**3 - 4*z - 3. Calculate n(-1).
102
Let v(t) = -3*t**2 - 46*t - 126. Calculate v(-12).
-6
Let w(f) = -6*f**2 + 59*f - 90. What is w(8)?
-2
Let d(n) = -9*n - 69. What is d(19)?
-240
Let d(y) = 3*y**2 - 72*y + 106. Give d(22).
-26
Let q(v) = 17*v - 41. Calculate q(0).
-41
Let d(m) = m**3 + 63*m**2 + 66*m + 295. Determine d(-62).
47
Let u(n) = -66*n + 4304. What is u(65)?
14
Let c(p) = 1252*p + 17526. Give c(-14).
-2
Let w(r) = 186*r - 145. Calculate w(0).
-145
Let d(i) = -38*i + 332. What is d(9)?
-10
Let z(l) = -l**3 + 13*l**2 + 3*l - 45. Determine z(13).
-6
Let q(i) = -i**3 - 7*i**2 + 328*i + 56. What is q(15)?
26
Let v(o) = 29*o**2 + 3307*o + 114. Determine v(-114).
0
Let f(b) = 3*b**3 - 308*b**2 + 235*b - 3165. Determine f(102).
-3
Let b(w) = -17*w**2 - 2*w - 1. Calculate b(-1).
-16
Let v(z) = -2093*z - 6277. Give v(-3).
2
Let o(s) = -9*s**3 - 6*s**2 - 4*s + 1. Give o(-1).
8
Let v(o) = 9*o**3 - 207*o**2 - 201*o - 351. What is v(24)?
9
Let q(y) = -126*y - 14875. Determine q(-118).
-7
Let o(s) = -359*s + 8227. Determine o(23).
-30
Let a(v) = v**3 - 8*v**2 + 9*v - 20. Give a(6).
-38
Let i(l) = -5*l**3 - 146*l**2 - 41*l - 99. Determine i(-29).
249
Let i(j) = -23*j + 125. What is i(8)?
-59
Let m(z) = 17*z**2 - 527*z - 535. What is m(32)?
9
Let p(g) = g**3 + 21*g**2 - 6*g - 395. Calculate p(-20).
125
Let j(f) = -f**2 - 55*f - 377. Determine j(-8).
-1
Let h(u) = u**2 + 24*u - 74. Calculate h(-27).
7
Let d(u) = -u**2 - 7*u + 121. Calculate d(8).
1
Let f(s) = -s**3 - 48*s**2 + 20*s + 960. Determine f(-48).
0
Let r(w) = w**3 - 30*w**2 - 52*w + 133. Determine r(31).
-518
Let s(a) = -895*a + 1799. Calculate s(2).
9
Let m(y) = y**3 + 7*y**2 + 7*y + 12. Determine m(-6).
6
Let y(j) = 107*j**2 - 2889*j - 4. Determine y(27).
-4
Let z(x) = 2*x**3 + 469*x**2 + 1426*x - 3. Give z(-3).
-114
Let o(g) = 1758*g + 14011. What is o(-8)?
-53
Let b(d) = -2443*d**2 - 24430*d + 7. What is b(-10)?
7
Let v(d) = d**3 + 20*d**2 - 22*d - 9. Give v(-21).
12
Let n(i) = 336*i - 534. Give n(2).
138
Let q(z) = -2*z**3 - 8*z**2 - 15*z - 11. Give q(-6).
223
Let f(g) = -g**3 - 59*g**2 + 5*g + 350. Determine f(-59).
55
Let w(z) = z**2 - 18*z + 5. Calculate w(0).
5
Let t(c) = -3*c**2 - 17*c + 11. What is t(-2)?
33
Let c(s) = s**2 - 19*s + 29. What is c(20)?
49
Let o(i) = 1787*i + 14337. Calculate o(-8).
41
Let x(p) = 2127*p - 42550. Determine x(20).
-10
Let d(x) = 9113*x + 54696. What is d(-6)?
18
Let j(o) = 2*o**2 - 38*o + 114. Determine j(17).
46
Let r(t) = 2*t**2 + 14*t - 1490. Determine r(24).
-2
Let b(o) = -20*o - 702. Give b(-35).
-2
Let v(l) = 10*l**2 - l - 66. Calculate v(0).
-66
Let t(i) = -3*i**3 - i**2 - 8*i - 10. What is t(-2)?
26
Let p(j) = 128*j - 5711. Give p(45).
49
Let a(k) = -85*k - 2792. Determine a(-33).
13
Let i(m) = 9*m + 864. Give i(-97).
-9
Let l(u) = 2*u**3 - 101*u**2 + 236*u + 199. What is l(48)?
7
Let j(k) = -3*k**3 - 109*k**2 - 35*k - 18. What is j(-36)?
-54
Let z(l) = -68*l - 359. What is z(-7)?
117
Let y(b) = 828*b + 5788. Give y(-7).
-8
Let k(d) = -65*d**3 - d**2 - 1300*d - 1300. Give k(-1).
64
Let s(c) = c**2 + 1327*c - 13375. Calculate s(10).
-5
Let b(g) = 2*g**2 + 102*g - 800. What is b(-58)?
12
Let x(m) = m**2 - 181*m + 7768. What is x(107)?
-150
Let z(s) = -39*s + 50. Calculate z(1).
11
Let i(y) = y**3 + 10*y**2 - 88*y - 895. Give i(-10).
-15
Let w(z) = z**3 + 50*z**2 + 202*z + 5085. Give w(-48).
-3
Let u(y) = -4*y - 14. Determine u(-4).
2
Let t(d) = 9*d - 580. Determine t(63).
-13
Let t(b) = -38*b - 330. Give t(-11).
88
Let k(i) = -i**2 + 55*i + 250. Determine k(54).
304
Let g(p) = 2*p - 6. Calculate g(70).
134
Let s(n) = n**3 - 134*n**2 - 2909*n + 317. Determine s(153).
11
Let j(u) = u**3 + 31*u**2 - 70*u - 128. Calculate j(-33).
4
Let t(s) = 15*s**3 - 210*s**2 + 12*s - 6. Determine t(14).
162
Let h(r) = r**3 - 19*r**2 + 58*r + 27. Calculate h(4).
19
Let d(k) = 3*k**3 + 33*k**2 - 7*k - 27. Determine d(-10).
343
Let f(y) = y**2 + 2463*y - 32189. What is f(13)?
-1
Let a(z) = z**3 - 2*z**2 + 3*z + 1. Calculate a(-5).
-189
Let i(n) = 151*n - 625. Give i(4).
-21
Let t(j) = j**2 + 482*j - 1457. Determine t(3).
-2
Let z(v) = 41*v + 668. Determine z(-10).
258
Let b(q) = q**2 + 28*q + 139. Give b(-6).
7
Let t(j) = -23*j + 255. Give t(10).
25
Let o(t) = -64*t + 271. Calculate o(17).
-817
Let l(v) = -v**3 + 50*v**2 + 3*v - 39. What is l(0)?
-39
Let q(d) = 7*d**2 - 46*d - 20. Give q(7).
1
Let a(c) = c**2 - 28*c - 38. Calculate a(29).
-9
Let j(i) = 28*i**2 - 17*i + 23. Calculate j(2).
101
Let l(h) = -88*h + 2778. Calculate l(32).
-38
Let w(h) = h**2 - 48*h + 63. What is w(46)?
-29
Let l(f) = 207*f**3 + 3*f**2 + 3*f + 2. Calculate l(-1).
-205
Let y(f) = -f**2 - 37*f + 165. What is y(4)?
1
Let x(k) = k**3 + 11*k**2 - 80*k - 2. Calculate x(-16).
-2
Let q(u) = -u**3 - 43*u**2 - 168*u - 487. Calculate q(-39).
-19
Let h(c) = -c**3 - 6*c**2 + 48*c + 305. What is h(-7)?
18
Let t(x) = -x**3 - 57*x**2 - 231*x - 84. Calculate t(-4).
-8
Let m(b) = -12*b**2 + 158*b - 14. What is m(13)?
12
Let w(l) = -9*l**2 + 147*l - 602. Determine w(4).
-158
Let q(a) = -2*a**2 + 20*a + 270. What is q(17)?
32
Let z(h) = -h**3 - 68*h**2 - 129*h + 198. Determine z(-66).
0
Let y(n) = -n**2 + 8*n + 5013. Give y(-67).
-12
Let h(w) = 155*w - 35. Determine h(1).
120
Let t(y) = -4*y**3 + 18*y**2 + 13*y - 6. Determine t(5).
9
Let p(k) = 4*k**3 + 426*k**2 + 211*k - 114. What is p(-106)?
-8
Let l(h) = 176*h + 5824. Determine l(-33).
16
Let q(h) = 7*h - 224. Give q(19).
-91
Let w(p) = 134*p - 1142. Give w(9).
64
Let g(m) = -17*m**3 - 4*m**2 + 7*m - 4. Calculate g(1).
-18
Let f(t) = -t**2 - 32*t - 35. Determine f(-32).
-35
Let p(u) = 29*u**3 + 4*u**2 + 8*u + 5. What is p(-1)?
-28
Let u(n) = 738*n - 57563. Give u(78).
1
Let h(o) = o**3 + 287*o**2 - 19*o - 5450. Give h(-287).
3
Let s(r) = r**2 - 116*r - 850. Give s(-7).
11
Let t(m) = -m**3 - 7*m**2 + 50*m + 67. Calculate t(-11).
1
Let s(r) = -r**3 - 18*r**2 - 42*r - 98. Calculate s(-14).
-294
Let f(r) = -r**3 + 52*r**2 - 20. Calculate f(52).
-20
Let d(p) = p**3 - 12*p**2 - 30*p + 503. Determine d(9).
-10
Let p(x) = -296*x**2 + 805*x. Calculate p(3).
-249
Let n(u) = -36*u**2 + 2698*u + 145. Give n(75).
-5
Let g(k) = -119*k**3 + 476*k**2 - 5. What is g(4)?
-5
Let y(b) = -290*b - 713. Calculate y(-5).
737
Let s(u) = 278*u**2 - 295*u + 21. Calculate s(1).
4
Let o(j) = -9*j**3 - 64*j**2 + 9*j + 13. Calculate o(-7).
-99
Let o(k) = -3*k**2 + 4*k - 2. Determine o(2).
-6
Let x(j) = -j**2 - 611*j + 4314. Calculate x(7).
-12
Let m(w) = -309*w + 3420. What is m(11)?
21
Let p(a) = a**2 + 333*a - 8954. What is p(25)?
-4
Let w(u) = -u**3 + 44*u**2 - 38*u - 255. Give w(43).
-40
Let k(v) = 9*v - 607. Determine k(20).
-427
Let d(g) = 8*g + 500. Determine d(-65).
-20
Let m(a) = 8*a + 110. Give m(-4).
78
Let t(w) = -328*w + 29